 (base 14) in base 6?
-1010435335
Convert 21234302 (base 5) to base 12.
88601
a35b33 (base 12) to base 4
21301030113
Convert -102300110112 (base 4) to base 3.
-100020210011200
6106b5 (base 13) to base 4
20213021021
-1712095 (base 10) to base 2
-110100001111111011111
-a8515 (base 14) to base 2
-1100011011001000111
12312012020 (base 4) to base 2
110110110000110001000
Convert -84513 (base 10) to base 2.
-10100101000100001
Convert -234345 (base 6) to base 2.
-100111111011001
Convert 312021502 (base 6) to base 5.
2341240321
22103123 (base 4) to base 15
c788
Convert -10121002112 (base 3) to base 6.
-1303405
-110132144 (base 6) to base 14
-3947a8
2108 (base 9) to base 4
120023
11001100110011011010011 (base 2) to base 11
3874085
Convert 298029 (base 14) to base 8.
5403065
Convert -164675 (base 8) to base 13.
-2130b
What is 216860 (base 10) in base 15?
443c5
What is -4423221 (base 6) in base 9?
-366204
Convert 234877 (base 10) to base 13.
82ba6
-7103e (base 15) to base 11
-224911
What is -18b14 (base 15) in base 8?
-234367
Convert 93b31 (base 12) to base 10.
193429
What is -3000503 (base 6) in base 4?
-202031313
Convert 26626331 (base 7) to base 10.
2460851
What is 2117e (base 16) in base 3?
20212221101
Convert -15354235 (base 6) to base 12.
-22297b
What is 13332222001 (base 4) in base 12?
84a541
What is 230465 (base 7) in base 3?
2002022202
What is 150212 (base 9) in base 15?
1c402
-56c51a (base 16) to base 2
-10101101100010100011010
Convert -3a3b87 (base 14) to base 13.
-554063
Convert -11402014 (base 5) to base 10.
-106509
Convert 151421 (base 8) to base 2.
1101001100010001
Convert -388119 (base 13) to base 8.
-5140406
Convert 10011110000111001000 (base 2) to base 16.
9e1c8
Convert -a1b9f (base 16) to base 12.
-27b427
What is 1001000100010011110101 (base 2) in base 10?
2376949
What is 186a8 (base 16) in base 14?
28636
Convert 2368b (base 13) to base 16.
fd4a
-6155153 (base 7) to base 4
-2303303330
Convert 100011111110001111 (base 2) to base 4.
203332033
What is -50206635 (base 7) in base 5?
-2030404312
Convert 1a050 (base 11) to base 6.
333354
Convert 120b51 (base 13) to base 15.
87795
Convert 104202010 (base 5) to base 4.
1300031232
Convert 47967 (base 14) to base 11.
10a303
What is 4122568 (base 9) in base 5?
1030343420
What is 1211013123 (base 4) in base 10?
414171
-28595 (base 10) to base 5
-1403340
2938086 (base 11) to base 8
23201716
Convert -6513544 (base 9) to base 15.
-48eec4
Convert -1772137 (base 9) to base 4.
-3302100130
-5a573 (base 12) to base 15
-2612c
-45a1b (base 14) to base 7
-1303534
-428451 (base 9) to base 8
-763040
Convert -1ef418 (base 16) to base 4.
-13233100120
2310331330 (base 4) to base 9
1348714
Convert 10523551 (base 6) to base 16.
4eadb
What is 498643 (base 10) in base 6?
14404311
What is 323202202 (base 5) in base 12?
567614
What is -301203303203 (base 4) in base 3?
-220110001021122
-1444223 (base 6) to base 15
-19cd0
-69580 (base 10) to base 16
-10fcc
1101100110001111101011 (base 2) to base 6
204222231
What is 45261 (base 7) in base 2?
10110011000100
236605523 (base 7) to base 11
83a51a7
Convert 31313032200 (base 4) to base 14.
6a8532
What is 80b76d (base 14) in base 6?
232521541
What is -4121345 (base 7) in base 3?
-221000220012
Convert -1011084 (base 9) to base 13.
-15b329
-2184189 (base 12) to base 6
-345013053
-16683 (base 15) to base 10
-72348
Convert 713059a (base 11) to base 2.
110000000101110010010111
What is -153a3ea (base 15) in base 3?
-1001221002012011
Convert 110220320 (base 4) to base 8.
245070
Convert 7634386 (base 11) to base 15.
12a05c7
What is -1938745 (base 12) in base 7?
-63033242
What is -34221334 (base 5) in base 8?
-1122722
-533a7 (base 16) to base 13
-bc224
Convert -1511551154 (base 6) to base 11.
-a703879
Convert -11e5b (base 15) to base 6.
-1120552
What is -1493635 (base 11) in base 14?
-4a61c7
What is -1201021212 (base 3) in base 6?
-420122
Convert 4543b (base 12) to base 14.
25863
What is 423626 (base 7) in base 5?
4321443
-231133203 (base 4) to base 5
-21430324
Convert -49736 (base 13) to base 12.
-66325
200120020002 (base 3) to base 6
11455345
Convert -100110101011000001 (base 2) to base 6.
-3221201
Convert 1044605 (base 8) to base 5.
32442330
What is 2aa5b (base 13) in base 10?
80858
Convert -2101302223 (base 4) to base 7.
-5035000
What is -100011010111011111 (base 2) in base 6?
-3034355
What is 11010235 (base 6) in base 7?
2534135
-11053453 (base 7) to base 14
-1abb9a
What is 31041422 (base 5) in base 7?
2101562
What is -1121425 (base 7) in base 12?
-68ab4
Convert 110796 (base 11) to base 5.
21123034
-2142cb (base 13) to base 5
-144433230
What is 5355477 (base 8) in base 2?
101011101101100111111
1b02573 (base 12) to base 15
782019
What is 41804 (base 11) in base 4?
32313003
794514 (base 10) to base 16
c1f92
-10421240 (base 5) to base 10
-92070
1050412 (base 6) to base 12
26a08
What is 10243144 (base 6) in base 13?
a7245
Convert -160205 (base 9) to base 16.
-18116
What is -21322122210 (base 4) in base 7?
-31041663
What is d63c7 (base 15) in base 8?
2456505
-44254332 (base 7) to base 10
-3811929
Convert 2204102344 (base 5) to base 11.
27573a0
What is -101010111000000100110 (base 2) in base 9?
-2571223
66b89 (base 12) to base 7
1105611
Convert -89969 (base 10) to base 11.
-61660
What is 12303003132 (base 4) in base 11?
1007914
Convert 371553 (base 11) to base 5.
122301014
Convert -2144075 (base 10) to base 5.
-1022102300
What is 288809 (base 15) in base 2?
111011100101100101111
What is -1305134 (base 8) in base 13?
-c936a
-32342430 (base 6) to base 16
-eaeb2
What is -305110552 (base 6) in base 16?
-509684
Convert 101232330 (base 5) to base 9.
701784
Convert -547331 (base 10) to base 3.
-1000210210112
Convert 110001111110111101 (base 2) to base 8.
617675
What is 103515 (base 7) in base 11?
12659
-613c10 (base 13) to base 9
-4231832
What is -2110200012200 (base 3) in base 13?
-36c453
Convert -11221312200 (base 4) to base 3.
-2210022010020
404072 (base 8) to base 10
133178
What is 341034 (base 5) in base 16?
2ef3
What is 9c9c12 (base 13) in base 16?
388d49
7a968 (base 11) to base 14
308a4
-19b3e (base 15) to base 5
-10133114
Convert -16927 (base 13) to base 15.
-cc67
What is 1288176 (base 12) in base 11?
2082570
39740 (base 10) to base 6
503552
201011210 (base 3) to base 15
4220
Convert 2272470 (base 11) to base 3.
21110202002122
Convert -b715 (base 15) to base 3.
-1222010002
Convert 202130 (base 10) to base 4.
301112102
Convert -4271126 (base 8) to base 7.
-12501322
22301230202 (base 4) to base 10
2824994
Convert 1001000010111010110001 (base 2) to base 5.
1101334444
Convert -145a04 (base 16) to base 10.
-1333764
10382462 (base 10) to base 7
154151366
What is -1101101010001100010110 (base 2) in base 11?
-2026257
-41880c (base 14) to base 4
-20130111330
-1110010110011001010 (base 2) to base 16
-72cca
Convert 17e91 (base 16) to base 13.
35768
What is -30ed2 (base 16) in base 4?
-300323102
What is -5237500 (base 8) in base 12?
-571994
Convert 7355ac (base 13) to base 9.
5060160
What is -2dc778 (base 14) in base 3?
-10000202202201
What is 54540552 (base 6) in base 16?
18e174
Convert 5a482 (base 12) to base 2.
11101101100100010
What is 3252452 (base 8) in base 9?
1571525
Convert 68a4bc (base 13) to base 8.
11351707
What is -1012210122111 (base 3) in base 2?
-10011101101000000101
What is -124166 (base 7) in base 12?
-11432
What is -1001100110100111 (base 2) in base 13?
-14b9a
-11268 (base 10) to base 9
-16410
158082 (base 9) to base 4
113313200
What is -77c373 (base 13) in base 3?
-12022120110120
What is -505456 (base 8) in base 16?
-28b2e
Convert 397026 (base 10) to base 16.
60ee2
What is 1689a (base 11) in base 12?
11874
What is 11000001000011111 (base 2) in base 14?
28047
Convert -25114552 (base 6) to base 3.
-1111210220212
Convert -110233130033 (base 4) to base 2.
-10100101111011100001111
5924 (base 14) to base 3
210021200
What is -31d9b0 (base 15) in base 10?
-2374815
What is -2572175 (base 8) in base 16?
-af47d
Convert 1bb310 (base 16) to base 3.
10102020010210
Convert -330436 (base 7) to base 6.
-1123451
20154135 (base 6) to base 16
8c64b
What is 66a1933 (base 11) in base 16?
b3351a
What is -617264 (base 10) in base 15?
-c2d5e
What is 4467044 (base 8) in base 7?
13160261
-12001202 (base